{"id":1698,"date":"2025-01-31T12:45:54","date_gmt":"2025-01-31T10:45:54","guid":{"rendered":"https:\/\/dev8.evomedia.lt\/manvesta2025\/?activities=september-1st-support-for-the-mamu-unija-support-and-charity-foundation"},"modified":"2025-07-01T13:53:06","modified_gmt":"2025-07-01T11:53:06","slug":"september-1st-support-for-the-mamu-unija-support-and-charity-foundation","status":"publish","type":"activities","link":"https:\/\/manvesta.lt\/de\/?activities=september-1st-support-for-the-mamu-unija-support-and-charity-foundation","title":{"rendered":"1. SEPTEMBER UNTERST\u00dcTZUNG F\u00dcR DIE UNTERST\u00dcTZUNGS- UND WOHLT\u00c4TIGKEITSSTIFTUNG &#8220;MAM\u0172 UNIJA"},"content":{"rendered":"","protected":false},"featured_media":0,"template":"","meta":{"_acf_changed":false,"slim_seo":{"title":"1. SEPTEMBER UNTERST\u00dcTZUNG F\u00dcR DIE UNTERST\u00dcTZUNGS- UND WOHLT\u00c4TIGKEITSSTIFTUNG \"MAM\u0172 UNIJA - Manvesta.lt","description":""}},"years":[33],"class_list":["post-1698","activities","type-activities","status-publish","hentry","years-33"],"acf":[],"_links":{"self":[{"href":"https:\/\/manvesta.lt\/de\/wp-json\/wp\/v2\/activities\/1698","targetHints":{"allow":["GET"]}}],"collection":[{"href":"https:\/\/manvesta.lt\/de\/wp-json\/wp\/v2\/activities"}],"about":[{"href":"https:\/\/manvesta.lt\/de\/wp-json\/wp\/v2\/types\/activities"}],"wp:attachment":[{"href":"https:\/\/manvesta.lt\/de\/wp-json\/wp\/v2\/media?parent=1698"}],"wp:term":[{"taxonomy":"years","embeddable":true,"href":"https:\/\/manvesta.lt\/de\/wp-json\/wp\/v2\/years?post=1698"}],"curies":[{"name":"wp","href":"https:\/\/api.w.org\/{rel}","templated":true}]}}

1. SEPTEMBER UNTERSTÜTZUNG FÜR DIE UNTERSTÜTZUNGS- UND WOHLTÄTIGKEITSSTIFTUNG &#8220;MAMŲ UNIJA

1. SEPTEMBER UNTERSTÜTZUNG FÜR DIE UNTERSTÜTZUNGS- UND WOHLTÄTIGKEITSSTIFTUNG "MAMŲ UNIJA - Manvesta.lt
